{"id":249,"date":"2023-06-22T11:11:15","date_gmt":"2023-06-22T09:11:15","guid":{"rendered":"https:\/\/www.itellence.com\/?page_id=249"},"modified":"2025-01-17T10:00:06","modified_gmt":"2025-01-17T09:00:06","slug":"impressum","status":"publish","type":"page","link":"https:\/\/www.itellence.com\/?page_id=249","title":{"rendered":"Impressum"},"content":{"rendered":"\t\t<div data-elementor-type=\"wp-page\" data-elementor-id=\"249\" class=\"elementor elementor-249\" data-elementor-post-type=\"page\">\n\t\t\t\t\t\t<section class=\"elementor-section elementor-top-section elementor-element elementor-element-67001f5 elementor-section-boxed elementor-section-height-default elementor-section-height-default\" data-id=\"67001f5\" data-element_type=\"section\">\n\t\t\t\t\t\t<div class=\"elementor-container elementor-column-gap-default\">\n\t\t\t\t\t<div class=\"elementor-column elementor-col-100 elementor-top-column elementor-element elementor-element-9790f77\" data-id=\"9790f77\" data-element_type=\"column\">\n\t\t\t<div class=\"elementor-widget-wrap elementor-element-populated\">\n\t\t\t\t\t\t<div class=\"elementor-element elementor-element-7249467 elementor-widget elementor-widget-heading\" data-id=\"7249467\" data-element_type=\"widget\" data-widget_type=\"heading.default\">\n\t\t\t\t<div class=\"elementor-widget-container\">\n\t\t\t\t\t<h2 class=\"elementor-heading-title elementor-size-default\">Impressum<\/h2>\t\t\t\t<\/div>\n\t\t\t\t<\/div>\n\t\t\t\t\t<\/div>\n\t\t<\/div>\n\t\t\t\t\t<\/div>\n\t\t<\/section>\n\t\t\t\t<section class=\"elementor-section elementor-top-section elementor-element elementor-element-e1f8171 elementor-section-boxed elementor-section-height-default elementor-section-height-default\" data-id=\"e1f8171\" data-element_type=\"section\">\n\t\t\t\t\t\t<div class=\"elementor-container elementor-column-gap-default\">\n\t\t\t\t\t<div class=\"elementor-column elementor-col-100 elementor-top-column elementor-element elementor-element-ead737a\" data-id=\"ead737a\" data-element_type=\"column\">\n\t\t\t<div class=\"elementor-widget-wrap elementor-element-populated\">\n\t\t\t\t\t\t<div class=\"elementor-element elementor-element-095921d elementor-widget elementor-widget-text-editor\" data-id=\"095921d\" data-element_type=\"widget\" data-widget_type=\"text-editor.default\">\n\t\t\t\t<div class=\"elementor-widget-container\">\n\t\t\t\t\t\t\t\t\t<section class=\"elementor-section elementor-top-section elementor-element elementor-element-e4fb03f elementor-section-boxed elementor-section-height-default elementor-section-height-default\" data-id=\"e4fb03f\" data-element_type=\"section\"><div class=\"elementor-container elementor-column-gap-default\"><div class=\"elementor-row\"><div class=\"elementor-column elementor-col-50 elementor-top-column elementor-element elementor-element-2722cee\" data-id=\"2722cee\" data-element_type=\"column\"><div class=\"elementor-column-wrap elementor-element-populated\"><div class=\"elementor-widget-wrap\"><div class=\"elementor-element elementor-element-2e8d5db elementor-widget elementor-widget-heading\" data-id=\"2e8d5db\" data-element_type=\"widget\" data-widget_type=\"heading.default\"><div class=\"elementor-widget-container\"><h2 class=\"elementor-heading-title elementor-size-default\">ITellence GmbH<\/h2><\/div><\/div><div class=\"elementor-element elementor-element-7961c43 elementor-widget elementor-widget-text-editor\" data-id=\"7961c43\" data-element_type=\"widget\" data-widget_type=\"text-editor.default\"><div class=\"elementor-widget-container\"><div class=\"elementor-text-editor elementor-clearfix\"><p>M\u00fchlgasse 16-3<br \/>78549 Spaichingen<\/p><table><tbody><tr><td>Telefon:<\/td><td>\u00a0+49-7424- 96069-50<\/td><\/tr><tr><td>Telefax:<\/td><td>+49-7424-96069-57<\/td><\/tr><tr><td>E-Mail:<\/td><td><span id=\"cloakb1e1a504951b83903ebc035ee78ec0aa\"><a href=\"mailto:info@itellence.com\">info@itellence.com<\/a><\/span><\/td><\/tr><\/tbody><\/table><\/div><\/div><\/div><\/div><\/div><\/div><div class=\"elementor-column elementor-col-50 elementor-top-column elementor-element elementor-element-6d6189a\" data-id=\"6d6189a\" data-element_type=\"column\"><div class=\"elementor-column-wrap\"><div class=\"elementor-widget-wrap\">\u00a0<\/div><\/div><\/div><\/div><\/div><\/section><section class=\"elementor-section elementor-top-section elementor-element elementor-element-f752b51 elementor-section-boxed elementor-section-height-default elementor-section-height-default\" data-id=\"f752b51\" data-element_type=\"section\"><div class=\"elementor-container elementor-column-gap-default\"><div class=\"elementor-row\"><div class=\"elementor-column elementor-col-100 elementor-top-column elementor-element elementor-element-5f9fdc8\" data-id=\"5f9fdc8\" data-element_type=\"column\"><div class=\"elementor-column-wrap elementor-element-populated\"><div class=\"elementor-widget-wrap\"><div class=\"elementor-element elementor-element-5a5dc78 elementor-widget elementor-widget-heading\" data-id=\"5a5dc78\" data-element_type=\"widget\" data-widget_type=\"heading.default\"><div class=\"elementor-widget-container\"><h2 class=\"elementor-heading-title elementor-size-default\">Vertreten durch:<\/h2><\/div><\/div><div class=\"elementor-element elementor-element-c2071b1 elementor-widget elementor-widget-text-editor\" data-id=\"c2071b1\" data-element_type=\"widget\" data-widget_type=\"text-editor.default\"><div class=\"elementor-widget-container\"><div class=\"elementor-text-editor elementor-clearfix\"><p>J\u00fcrgen G\u00e4ckle<\/p><\/div><\/div><\/div><\/div><\/div><\/div><\/div><\/div><\/section><section class=\"elementor-section elementor-top-section elementor-element elementor-element-ed541f3 elementor-section-boxed elementor-section-height-default elementor-section-height-default\" data-id=\"ed541f3\" data-element_type=\"section\"><div class=\"elementor-container elementor-column-gap-default\"><div class=\"elementor-row\"><div class=\"elementor-column elementor-col-100 elementor-top-column elementor-element elementor-element-b3abb41\" data-id=\"b3abb41\" data-element_type=\"column\"><div class=\"elementor-column-wrap elementor-element-populated\"><div class=\"elementor-widget-wrap\"><div class=\"elementor-element elementor-element-a526f2a elementor-widget elementor-widget-heading\" data-id=\"a526f2a\" data-element_type=\"widget\" data-widget_type=\"heading.default\"><div class=\"elementor-widget-container\"><h2 class=\"elementor-heading-title elementor-size-default\">Registereintrag<\/h2><\/div><\/div><div class=\"elementor-element elementor-element-dcc75c6 elementor-widget elementor-widget-text-editor\" data-id=\"dcc75c6\" data-element_type=\"widget\" data-widget_type=\"text-editor.default\"><div class=\"elementor-widget-container\"><div class=\"elementor-text-editor elementor-clearfix\"><p>Registergericht: Amtsgericht Stuttgart<br \/>Registernummer: HRB 761718<\/p><p>Umsatzsteuer-Identifikationsnummer gem\u00e4\u00df \u00a727 a Umsatzsteuergesetz: DE313055051<br \/>Steuernummer: 21110\/07532<\/p><\/div><\/div><\/div><\/div><\/div><\/div><\/div><\/div><\/section><section class=\"elementor-section elementor-top-section elementor-element elementor-element-23173ca elementor-section-boxed elementor-section-height-default elementor-section-height-default\" data-id=\"23173ca\" data-element_type=\"section\"><div class=\"elementor-container elementor-column-gap-default\"><div class=\"elementor-row\"><div class=\"elementor-column elementor-col-100 elementor-top-column elementor-element elementor-element-741ce96\" data-id=\"741ce96\" data-element_type=\"column\"><div class=\"elementor-column-wrap elementor-element-populated\"><div class=\"elementor-widget-wrap\"><div class=\"elementor-element elementor-element-a280c76 elementor-widget elementor-widget-heading\" data-id=\"a280c76\" data-element_type=\"widget\" data-widget_type=\"heading.default\"><div class=\"elementor-widget-container\"><h2 class=\"elementor-heading-title elementor-size-default\">Konzeption &amp; Umsetzung<\/h2><\/div><\/div><div class=\"elementor-element elementor-element-f743537 elementor-widget elementor-widget-text-editor\" data-id=\"f743537\" data-element_type=\"widget\" data-widget_type=\"text-editor.default\"><div class=\"elementor-widget-container\"><div class=\"elementor-text-editor elementor-clearfix\"><p>ITellence GmbH<\/p><\/div><\/div><\/div><\/div><\/div><\/div><\/div><\/div><\/section><section class=\"elementor-section elementor-top-section elementor-element elementor-element-e4f007b elementor-section-boxed elementor-section-height-default elementor-section-height-default\" data-id=\"e4f007b\" data-element_type=\"section\"><div class=\"elementor-container elementor-column-gap-default\"><div class=\"elementor-row\"><div class=\"elementor-column elementor-col-100 elementor-top-column elementor-element elementor-element-48fb570\" data-id=\"48fb570\" data-element_type=\"column\"><div class=\"elementor-column-wrap elementor-element-populated\"><div class=\"elementor-widget-wrap\"><div class=\"elementor-element elementor-element-8a9b3c8 elementor-widget elementor-widget-heading\" data-id=\"8a9b3c8\" data-element_type=\"widget\" data-widget_type=\"heading.default\"><div class=\"elementor-widget-container\"><h2 class=\"elementor-heading-title elementor-size-default\">Haftungsbeschr\u00e4nkung<\/h2><\/div><\/div><div class=\"elementor-element elementor-element-c0d638a elementor-widget elementor-widget-text-editor\" data-id=\"c0d638a\" data-element_type=\"widget\" data-widget_type=\"text-editor.default\"><div class=\"elementor-widget-container\"><div class=\"elementor-text-editor elementor-clearfix\"><p>Die Inhalte dieser Website werden mit gr\u00f6\u00dftm\u00f6glicher Sorgfalt erstellt. Der Anbieter \u00fcbernimmt jedoch keine Gew\u00e4hr f\u00fcr die Richtigkeit, Vollst\u00e4ndigkeit und Aktualit\u00e4t der bereitgestellten Inhalte. Die Nutzung der Inhalte der Website erfolgt auf eigene Gefahr des Nutzers. Namentlich gekennzeichnete Beitr\u00e4ge geben die Meinung des jeweiligen Autors und nicht immer die Meinung des Anbieters wieder. Mit der reinen Nutzung der Website des Anbieters kommt keinerlei Vertragsverh\u00e4ltnis zwischen dem Nutzer und dem Anbieter zustande.<\/p><\/div><\/div><\/div><\/div><\/div><\/div><\/div><\/div><\/section><section class=\"elementor-section elementor-top-section elementor-element elementor-element-54dd2e7 elementor-section-boxed elementor-section-height-default elementor-section-height-default\" data-id=\"54dd2e7\" data-element_type=\"section\"><div class=\"elementor-container elementor-column-gap-default\"><div class=\"elementor-row\"><div class=\"elementor-column elementor-col-100 elementor-top-column elementor-element elementor-element-e996207\" data-id=\"e996207\" data-element_type=\"column\"><div class=\"elementor-column-wrap elementor-element-populated\"><div class=\"elementor-widget-wrap\"><div class=\"elementor-element elementor-element-5c85c94 elementor-widget elementor-widget-heading\" data-id=\"5c85c94\" data-element_type=\"widget\" data-widget_type=\"heading.default\"><div class=\"elementor-widget-container\"><h2 class=\"elementor-heading-title elementor-size-default\">Urheber- und Leistungsschutzrechte<\/h2><\/div><\/div><div class=\"elementor-element elementor-element-3b27dd1 elementor-widget elementor-widget-text-editor\" data-id=\"3b27dd1\" data-element_type=\"widget\" data-widget_type=\"text-editor.default\"><div class=\"elementor-widget-container\"><div class=\"elementor-text-editor elementor-clearfix\"><p>Die auf dieser Website ver\u00f6ffentlichten Inhalte unterliegen dem deutschen Urheber- und Leistungsschutzrecht. Jede vom deutschen Urheber- und Leistungsschutzrecht nicht zugelassene Verwertung bedarf der vorherigen schriftlichen Zustimmung des Anbieters oder jeweiligen Rechteinhabers. Dies gilt insbesondere f\u00fcr Vervielf\u00e4ltigung, Bearbeitung, \u00dcbersetzung, Einspeicherung, Verarbeitung bzw. Wiedergabe von Inhalten in Datenbanken oder anderen elektronischen Medien und Systemen. Inhalte und Rechte Dritter sind dabei als solche gekennzeichnet. Die unerlaubte Vervielf\u00e4ltigung oder Weitergabe einzelner Inhalte oder kompletter Seiten ist nicht gestattet und strafbar. Lediglich die Herstellung von Kopien und Downloads f\u00fcr den pers\u00f6nlichen, privaten und nicht kommerziellen Gebrauch ist erlaubt.<\/p><\/div><\/div><\/div><\/div><\/div><\/div><\/div><\/div><\/section><section class=\"elementor-section elementor-top-section elementor-element elementor-element-c10108d elementor-section-boxed elementor-section-height-default elementor-section-height-default\" data-id=\"c10108d\" data-element_type=\"section\"><div class=\"elementor-container elementor-column-gap-default\"><div class=\"elementor-row\"><div class=\"elementor-column elementor-col-100 elementor-top-column elementor-element elementor-element-835d91d\" data-id=\"835d91d\" data-element_type=\"column\"><div class=\"elementor-column-wrap elementor-element-populated\"><div class=\"elementor-widget-wrap\"><div class=\"elementor-element elementor-element-4ed8a91 elementor-widget elementor-widget-heading\" data-id=\"4ed8a91\" data-element_type=\"widget\" data-widget_type=\"heading.default\"><div class=\"elementor-widget-container\"><h2 class=\"elementor-heading-title elementor-size-default\">Externe Verweise und Links<\/h2><\/div><\/div><div class=\"elementor-element elementor-element-c3c700c elementor-widget elementor-widget-text-editor\" data-id=\"c3c700c\" data-element_type=\"widget\" data-widget_type=\"text-editor.default\"><div class=\"elementor-widget-container\"><div class=\"elementor-text-editor elementor-clearfix\"><p>Soweit in unserem Angebot Verlinkungen zu externen Websites oder fremden Inhalten enthalten sind, weisen wir darauf hin, dass wir auf deren Gestaltung keinen Einfluss nehmen k\u00f6nnen. Insoweit ist ausschlie\u00dflich der externe Anbieter dieser Inhalte f\u00fcr diese verantwortlich. Eine regelm\u00e4\u00dfige \u00dcberpr\u00fcfung durch uns findet nicht statt, wir werden jedoch sofort nach Kenntniserlangung rechtswidriger oder anst\u00f6\u00dfiger Inhalte f\u00fcr eine L\u00f6schung der externen Verweise\/Links Sorge tragen.<\/p><\/div><\/div><\/div><\/div><\/div><\/div><\/div><\/div><\/section><section class=\"elementor-section elementor-top-section elementor-element elementor-element-011bd05 elementor-section-boxed elementor-section-height-default elementor-section-height-default\" data-id=\"011bd05\" data-element_type=\"section\"><div class=\"elementor-container elementor-column-gap-default\"><div class=\"elementor-row\"><div class=\"elementor-column elementor-col-100 elementor-top-column elementor-element elementor-element-63905e1\" data-id=\"63905e1\" data-element_type=\"column\"><div class=\"elementor-column-wrap elementor-element-populated\"><div class=\"elementor-widget-wrap\"><div class=\"elementor-element elementor-element-b02366e elementor-widget elementor-widget-heading\" data-id=\"b02366e\" data-element_type=\"widget\" data-widget_type=\"heading.default\"><div class=\"elementor-widget-container\"><h2 class=\"elementor-heading-title elementor-size-default\">Verbraucherschlichtungsstelle<\/h2><\/div><\/div><div class=\"elementor-element elementor-element-61e591e elementor-widget elementor-widget-text-editor\" data-id=\"61e591e\" data-element_type=\"widget\" data-widget_type=\"text-editor.default\"><div class=\"elementor-widget-container\"><div class=\"elementor-text-editor elementor-clearfix\"><p>Die zust\u00e4ndige Verbraucherschlichtungsstelle ist: Allgemeine Verbraucherschlichtungsstelle des Zentrums f\u00fcr Schlichtung e.V.<br \/>Stra\u00dfburger Stra\u00dfe 8<br \/>77694 Kehl am Rhein<br \/><a class=\"d_link\" href=\"https:\/\/www.verbraucher-schlichter.de\/start\" target=\"_blank\" rel=\"noopener\">www.verbraucher-schlichter.de<\/a><\/p><\/div><\/div><\/div><\/div><\/div><\/div><\/div><\/div><\/section><section class=\"elementor-section elementor-top-section elementor-element elementor-element-f205683 elementor-section-boxed elementor-section-height-default elementor-section-height-default\" data-id=\"f205683\" data-element_type=\"section\"><div class=\"elementor-container elementor-column-gap-default\"><div class=\"elementor-row\"><div class=\"elementor-column elementor-col-100 elementor-top-column elementor-element elementor-element-aa95f65\" data-id=\"aa95f65\" data-element_type=\"column\"><div class=\"elementor-column-wrap elementor-element-populated\"><div class=\"elementor-widget-wrap\"><div class=\"elementor-element elementor-element-d52a331 elementor-widget elementor-widget-heading\" data-id=\"d52a331\" data-element_type=\"widget\" data-widget_type=\"heading.default\"><div class=\"elementor-widget-container\"><h2 class=\"elementor-heading-title elementor-size-default\">Bildernachweis<\/h2><\/div><\/div><div class=\"elementor-element elementor-element-dd237b8 elementor-widget elementor-widget-text-editor\" data-id=\"dd237b8\" data-element_type=\"widget\" data-widget_type=\"text-editor.default\"><div class=\"elementor-widget-container\"><div class=\"elementor-text-editor elementor-clearfix\"><p>\u00a9 MARIIA, stock.adobe.com<br \/>\u00a9 pikselstock, stock.adobe.com<br \/>\u00a9 Gajus, stock.adobe.com<br \/>\u00a9 Jonas Glaublitz, stock.adobe.com<br \/>\u00a9 Markus Mainka, stock.adobe.com<br \/>\u00a9 Ralf Cornesse, stock.adobe.com<br \/>\u00a9 1xpert, stock.adobe.com<\/p><\/div><\/div><\/div><\/div><\/div><\/div><\/div><\/div><\/section>\t\t\t\t\t\t\t\t<\/div>\n\t\t\t\t<\/div>\n\t\t\t\t\t<\/div>\n\t\t<\/div>\n\t\t\t\t\t<\/div>\n\t\t<\/section>\n\t\t\t\t<\/div>\n\t\t","protected":false},"excerpt":{"rendered":"<p>Impressum ITellence GmbH M\u00fchlgasse 16-378549 Spaichingen Telefon: \u00a0+49-7424- 96069-50 Telefax: +49-7424-96069-57 E-Mail: info@itellence.com \u00a0 Vertreten durch: J\u00fcrgen G\u00e4ckle Registereintrag Registergericht: Amtsgericht StuttgartRegisternummer: HRB 761718 Umsatzsteuer-Identifikationsnummer gem\u00e4\u00df \u00a727 a Umsatzsteuergesetz: DE313055051Steuernummer: 21110\/07532 Konzeption &amp; Umsetzung ITellence GmbH Haftungsbeschr\u00e4nkung Die Inhalte dieser Website werden mit gr\u00f6\u00dftm\u00f6glicher Sorgfalt erstellt. Der Anbieter \u00fcbernimmt jedoch keine Gew\u00e4hr f\u00fcr die Richtigkeit, &hellip;<\/p>\n<p class=\"read-more\"> <a class=\"\" href=\"https:\/\/www.itellence.com\/?page_id=249\"> <span class=\"screen-reader-text\">Impressum<\/span> Weiterlesen &raquo;<\/a><\/p>\n","protected":false},"author":1,"featured_media":0,"parent":0,"menu_order":0,"comment_status":"closed","ping_status":"closed","template":"","meta":{"site-sidebar-layout":"no-sidebar","site-content-layout":"page-builder","ast-site-content-layout":"","site-content-style":"default","site-sidebar-style":"default","ast-global-header-display":"","ast-banner-title-visibility":"","ast-main-header-display":"","ast-hfb-above-header-display":"","ast-hfb-below-header-display":"","ast-hfb-mobile-header-display":"","site-post-title":"disabled","ast-breadcrumbs-content":"","ast-featured-img":"disabled","footer-sml-layout":"","theme-transparent-header-meta":"","adv-header-id-meta":"","stick-header-meta":"","header-above-stick-meta":"","header-main-stick-meta":"","header-below-stick-meta":"","astra-migrate-meta-layouts":"","footnotes":""},"class_list":["post-249","page","type-page","status-publish","hentry"],"yoast_head":"<!-- This site is optimized with the Yoast SEO plugin v24.9 - https:\/\/yoast.com\/wordpress\/plugins\/seo\/ -->\n<title>Impressum - ITellence GmbH<\/title>\n<meta name=\"robots\" content=\"index, follow, max-snippet:-1, max-image-preview:large, max-video-preview:-1\" \/>\n<link rel=\"canonical\" href=\"https:\/\/www.itellence.com\/?page_id=249\" \/>\n<meta property=\"og:locale\" content=\"de_DE\" \/>\n<meta property=\"og:type\" content=\"article\" \/>\n<meta property=\"og:title\" content=\"Impressum - ITellence GmbH\" \/>\n<meta property=\"og:description\" content=\"Impressum ITellence GmbH M\u00fchlgasse 16-378549 Spaichingen Telefon: \u00a0+49-7424- 96069-50 Telefax: +49-7424-96069-57 E-Mail: info@itellence.com \u00a0 Vertreten durch: J\u00fcrgen G\u00e4ckle Registereintrag Registergericht: Amtsgericht StuttgartRegisternummer: HRB 761718 Umsatzsteuer-Identifikationsnummer gem\u00e4\u00df \u00a727 a Umsatzsteuergesetz: DE313055051Steuernummer: 21110\/07532 Konzeption &amp; Umsetzung ITellence GmbH Haftungsbeschr\u00e4nkung Die Inhalte dieser Website werden mit gr\u00f6\u00dftm\u00f6glicher Sorgfalt erstellt. Der Anbieter \u00fcbernimmt jedoch keine Gew\u00e4hr f\u00fcr die Richtigkeit, &hellip; Impressum Weiterlesen &raquo;\" \/>\n<meta property=\"og:url\" content=\"https:\/\/www.itellence.com\/?page_id=249\" \/>\n<meta property=\"og:site_name\" content=\"ITellence GmbH\" \/>\n<meta property=\"article:modified_time\" content=\"2025-01-17T09:00:06+00:00\" \/>\n<meta name=\"twitter:card\" content=\"summary_large_image\" \/>\n<meta name=\"twitter:label1\" content=\"Gesch\u00e4tzte Lesezeit\" \/>\n\t<meta name=\"twitter:data1\" content=\"4\u00a0Minuten\" \/>\n<script type=\"application\/ld+json\" class=\"yoast-schema-graph\">{\"@context\":\"https:\/\/schema.org\",\"@graph\":[{\"@type\":\"WebPage\",\"@id\":\"https:\/\/www.itellence.com\/?page_id=249\",\"url\":\"https:\/\/www.itellence.com\/?page_id=249\",\"name\":\"Impressum - ITellence GmbH\",\"isPartOf\":{\"@id\":\"https:\/\/www.itellence.com\/#website\"},\"datePublished\":\"2023-06-22T09:11:15+00:00\",\"dateModified\":\"2025-01-17T09:00:06+00:00\",\"breadcrumb\":{\"@id\":\"https:\/\/www.itellence.com\/?page_id=249#breadcrumb\"},\"inLanguage\":\"de\",\"potentialAction\":[{\"@type\":\"ReadAction\",\"target\":[\"https:\/\/www.itellence.com\/?page_id=249\"]}]},{\"@type\":\"BreadcrumbList\",\"@id\":\"https:\/\/www.itellence.com\/?page_id=249#breadcrumb\",\"itemListElement\":[{\"@type\":\"ListItem\",\"position\":1,\"name\":\"Startseite\",\"item\":\"https:\/\/www.itellence.com\/\"},{\"@type\":\"ListItem\",\"position\":2,\"name\":\"Impressum\"}]},{\"@type\":\"WebSite\",\"@id\":\"https:\/\/www.itellence.com\/#website\",\"url\":\"https:\/\/www.itellence.com\/\",\"name\":\"ITellence GmbH\",\"description\":\"\",\"publisher\":{\"@id\":\"https:\/\/www.itellence.com\/#organization\"},\"potentialAction\":[{\"@type\":\"SearchAction\",\"target\":{\"@type\":\"EntryPoint\",\"urlTemplate\":\"https:\/\/www.itellence.com\/?s={search_term_string}\"},\"query-input\":{\"@type\":\"PropertyValueSpecification\",\"valueRequired\":true,\"valueName\":\"search_term_string\"}}],\"inLanguage\":\"de\"},{\"@type\":\"Organization\",\"@id\":\"https:\/\/www.itellence.com\/#organization\",\"name\":\"ITellence GmbH\",\"url\":\"https:\/\/www.itellence.com\/\",\"logo\":{\"@type\":\"ImageObject\",\"inLanguage\":\"de\",\"@id\":\"https:\/\/www.itellence.com\/#\/schema\/logo\/image\/\",\"url\":\"https:\/\/www.itellence.com\/wp-content\/uploads\/2023\/06\/cropped-cropped-Logo-2019_transparent-2.png\",\"contentUrl\":\"https:\/\/www.itellence.com\/wp-content\/uploads\/2023\/06\/cropped-cropped-Logo-2019_transparent-2.png\",\"width\":2297,\"height\":2157,\"caption\":\"ITellence GmbH\"},\"image\":{\"@id\":\"https:\/\/www.itellence.com\/#\/schema\/logo\/image\/\"}}]}<\/script>\n<!-- \/ Yoast SEO plugin. -->","yoast_head_json":{"title":"Impressum - ITellence GmbH","robots":{"index":"index","follow":"follow","max-snippet":"max-snippet:-1","max-image-preview":"max-image-preview:large","max-video-preview":"max-video-preview:-1"},"canonical":"https:\/\/www.itellence.com\/?page_id=249","og_locale":"de_DE","og_type":"article","og_title":"Impressum - ITellence GmbH","og_description":"Impressum ITellence GmbH M\u00fchlgasse 16-378549 Spaichingen Telefon: \u00a0+49-7424- 96069-50 Telefax: +49-7424-96069-57 E-Mail: info@itellence.com \u00a0 Vertreten durch: J\u00fcrgen G\u00e4ckle Registereintrag Registergericht: Amtsgericht StuttgartRegisternummer: HRB 761718 Umsatzsteuer-Identifikationsnummer gem\u00e4\u00df \u00a727 a Umsatzsteuergesetz: DE313055051Steuernummer: 21110\/07532 Konzeption &amp; Umsetzung ITellence GmbH Haftungsbeschr\u00e4nkung Die Inhalte dieser Website werden mit gr\u00f6\u00dftm\u00f6glicher Sorgfalt erstellt. Der Anbieter \u00fcbernimmt jedoch keine Gew\u00e4hr f\u00fcr die Richtigkeit, &hellip; Impressum Weiterlesen &raquo;","og_url":"https:\/\/www.itellence.com\/?page_id=249","og_site_name":"ITellence GmbH","article_modified_time":"2025-01-17T09:00:06+00:00","twitter_card":"summary_large_image","twitter_misc":{"Gesch\u00e4tzte Lesezeit":"4\u00a0Minuten"},"schema":{"@context":"https:\/\/schema.org","@graph":[{"@type":"WebPage","@id":"https:\/\/www.itellence.com\/?page_id=249","url":"https:\/\/www.itellence.com\/?page_id=249","name":"Impressum - ITellence GmbH","isPartOf":{"@id":"https:\/\/www.itellence.com\/#website"},"datePublished":"2023-06-22T09:11:15+00:00","dateModified":"2025-01-17T09:00:06+00:00","breadcrumb":{"@id":"https:\/\/www.itellence.com\/?page_id=249#breadcrumb"},"inLanguage":"de","potentialAction":[{"@type":"ReadAction","target":["https:\/\/www.itellence.com\/?page_id=249"]}]},{"@type":"BreadcrumbList","@id":"https:\/\/www.itellence.com\/?page_id=249#breadcrumb","itemListElement":[{"@type":"ListItem","position":1,"name":"Startseite","item":"https:\/\/www.itellence.com\/"},{"@type":"ListItem","position":2,"name":"Impressum"}]},{"@type":"WebSite","@id":"https:\/\/www.itellence.com\/#website","url":"https:\/\/www.itellence.com\/","name":"ITellence GmbH","description":"","publisher":{"@id":"https:\/\/www.itellence.com\/#organization"},"potentialAction":[{"@type":"SearchAction","target":{"@type":"EntryPoint","urlTemplate":"https:\/\/www.itellence.com\/?s={search_term_string}"},"query-input":{"@type":"PropertyValueSpecification","valueRequired":true,"valueName":"search_term_string"}}],"inLanguage":"de"},{"@type":"Organization","@id":"https:\/\/www.itellence.com\/#organization","name":"ITellence GmbH","url":"https:\/\/www.itellence.com\/","logo":{"@type":"ImageObject","inLanguage":"de","@id":"https:\/\/www.itellence.com\/#\/schema\/logo\/image\/","url":"https:\/\/www.itellence.com\/wp-content\/uploads\/2023\/06\/cropped-cropped-Logo-2019_transparent-2.png","contentUrl":"https:\/\/www.itellence.com\/wp-content\/uploads\/2023\/06\/cropped-cropped-Logo-2019_transparent-2.png","width":2297,"height":2157,"caption":"ITellence GmbH"},"image":{"@id":"https:\/\/www.itellence.com\/#\/schema\/logo\/image\/"}}]}},"_links":{"self":[{"href":"https:\/\/www.itellence.com\/index.php?rest_route=\/wp\/v2\/pages\/249","targetHints":{"allow":["GET"]}}],"collection":[{"href":"https:\/\/www.itellence.com\/index.php?rest_route=\/wp\/v2\/pages"}],"about":[{"href":"https:\/\/www.itellence.com\/index.php?rest_route=\/wp\/v2\/types\/page"}],"author":[{"embeddable":true,"href":"https:\/\/www.itellence.com\/index.php?rest_route=\/wp\/v2\/users\/1"}],"replies":[{"embeddable":true,"href":"https:\/\/www.itellence.com\/index.php?rest_route=%2Fwp%2Fv2%2Fcomments&post=249"}],"version-history":[{"count":20,"href":"https:\/\/www.itellence.com\/index.php?rest_route=\/wp\/v2\/pages\/249\/revisions"}],"predecessor-version":[{"id":509,"href":"https:\/\/www.itellence.com\/index.php?rest_route=\/wp\/v2\/pages\/249\/revisions\/509"}],"wp:attachment":[{"href":"https:\/\/www.itellence.com\/index.php?rest_route=%2Fwp%2Fv2%2Fmedia&parent=249"}],"curies":[{"name":"wp","href":"https:\/\/api.w.org\/{rel}","templated":true}]}}