{"id":274,"date":"2023-06-22T14:14:41","date_gmt":"2023-06-22T12:14:41","guid":{"rendered":"https:\/\/www.itellence.com\/?page_id=274"},"modified":"2025-11-03T12:10:11","modified_gmt":"2025-11-03T11:10:11","slug":"kontakt","status":"publish","type":"page","link":"https:\/\/www.itellence.com\/?page_id=274","title":{"rendered":"Kontakt"},"content":{"rendered":"\t\t<div data-elementor-type=\"wp-page\" data-elementor-id=\"274\" class=\"elementor elementor-274\" data-elementor-post-type=\"page\">\n\t\t\t\t\t\t<section class=\"elementor-section elementor-top-section elementor-element elementor-element-ad1c691 elementor-section-boxed elementor-section-height-default elementor-section-height-default\" data-id=\"ad1c691\" data-element_type=\"section\">\n\t\t\t\t\t\t<div class=\"elementor-container elementor-column-gap-default\">\n\t\t\t\t\t<div class=\"elementor-column elementor-col-100 elementor-top-column elementor-element elementor-element-0a9cb85\" data-id=\"0a9cb85\" data-element_type=\"column\">\n\t\t\t<div class=\"elementor-widget-wrap elementor-element-populated\">\n\t\t\t\t\t\t<div class=\"elementor-element elementor-element-17c26c3 elementor-widget elementor-widget-spacer\" data-id=\"17c26c3\" data-element_type=\"widget\" data-widget_type=\"spacer.default\">\n\t\t\t\t<div class=\"elementor-widget-container\">\n\t\t\t\t\t\t\t<div class=\"elementor-spacer\">\n\t\t\t<div class=\"elementor-spacer-inner\"><\/div>\n\t\t<\/div>\n\t\t\t\t\t\t<\/div>\n\t\t\t\t<\/div>\n\t\t\t\t<div class=\"elementor-element elementor-element-94e4243 elementor-widget elementor-widget-heading\" data-id=\"94e4243\" data-element_type=\"widget\" data-widget_type=\"heading.default\">\n\t\t\t\t<div class=\"elementor-widget-container\">\n\t\t\t\t\t<h2 class=\"elementor-heading-title elementor-size-default\">Let's talk! <\/h2>\t\t\t\t<\/div>\n\t\t\t\t<\/div>\n\t\t\t\t<div class=\"elementor-element elementor-element-e231cf5 elementor-widget elementor-widget-text-editor\" data-id=\"e231cf5\" data-element_type=\"widget\" data-widget_type=\"text-editor.default\">\n\t\t\t\t<div class=\"elementor-widget-container\">\n\t\t\t\t\t\t\t\t\t<p>Kontaktieren Sie uns unverbindlich und erz\u00e4hlen Sie uns von Ihrem Vorhaben. Wir stehen Ihnen gerne telefonisch oder per Mail zur Verf\u00fcgung. Gerne vereinbaren wir auch einen Termin f\u00fcr ein virtuelles oder pers\u00f6nliches Treffen.<\/p>\t\t\t\t\t\t\t\t<\/div>\n\t\t\t\t<\/div>\n\t\t\t\t<div class=\"elementor-element elementor-element-e06a394 elementor-icon-list--layout-traditional elementor-list-item-link-full_width elementor-widget elementor-widget-icon-list\" data-id=\"e06a394\" data-element_type=\"widget\" data-widget_type=\"icon-list.default\">\n\t\t\t\t<div class=\"elementor-widget-container\">\n\t\t\t\t\t\t\t<ul class=\"elementor-icon-list-items\">\n\t\t\t\t\t\t\t<li class=\"elementor-icon-list-item\">\n\t\t\t\t\t\t\t\t\t\t\t<span class=\"elementor-icon-list-icon\">\n\t\t\t\t\t\t\t<i aria-hidden=\"true\" class=\"fas fa-phone-alt\"><\/i>\t\t\t\t\t\t<\/span>\n\t\t\t\t\t\t\t\t\t\t<span class=\"elementor-icon-list-text\">Telefon: +49 74 24 \/ 96 0 69 - 50 <\/span>\n\t\t\t\t\t\t\t\t\t<\/li>\n\t\t\t\t\t\t\t\t<li class=\"elementor-icon-list-item\">\n\t\t\t\t\t\t\t\t\t\t\t<span class=\"elementor-icon-list-icon\">\n\t\t\t\t\t\t\t<i aria-hidden=\"true\" class=\"fas fa-map-marker-alt\"><\/i>\t\t\t\t\t\t<\/span>\n\t\t\t\t\t\t\t\t\t\t<span class=\"elementor-icon-list-text\">      M\u00fchlgasse 16\/3,     78549 Spaichingen<\/span>\n\t\t\t\t\t\t\t\t\t<\/li>\n\t\t\t\t\t\t\t\t<li class=\"elementor-icon-list-item\">\n\t\t\t\t\t\t\t\t\t\t\t<span class=\"elementor-icon-list-icon\">\n\t\t\t\t\t\t\t<i aria-hidden=\"true\" class=\"fas fa-envelope\"><\/i>\t\t\t\t\t\t<\/span>\n\t\t\t\t\t\t\t\t\t\t<span class=\"elementor-icon-list-text\">      E-Mail:     info@itellence.com<\/span>\n\t\t\t\t\t\t\t\t\t<\/li>\n\t\t\t\t\t\t<\/ul>\n\t\t\t\t\t\t<\/div>\n\t\t\t\t<\/div>\n\t\t\t\t<div class=\"elementor-element elementor-element-4e4b448 elementor-widget elementor-widget-spacer\" data-id=\"4e4b448\" data-element_type=\"widget\" data-widget_type=\"spacer.default\">\n\t\t\t\t<div class=\"elementor-widget-container\">\n\t\t\t\t\t\t\t<div class=\"elementor-spacer\">\n\t\t\t<div class=\"elementor-spacer-inner\"><\/div>\n\t\t<\/div>\n\t\t\t\t\t\t<\/div>\n\t\t\t\t<\/div>\n\t\t\t\t<section class=\"elementor-section elementor-inner-section elementor-element elementor-element-d0659be elementor-section-boxed elementor-section-height-default elementor-section-height-default\" data-id=\"d0659be\" data-element_type=\"section\">\n\t\t\t\t\t\t<div class=\"elementor-container elementor-column-gap-default\">\n\t\t\t\t\t<div class=\"elementor-column elementor-col-50 elementor-inner-column elementor-element elementor-element-2decf11\" data-id=\"2decf11\" data-element_type=\"column\">\n\t\t\t<div class=\"elementor-widget-wrap elementor-element-populated\">\n\t\t\t\t\t\t<div class=\"elementor-element elementor-element-5df586b elementor-widget elementor-widget-text-editor\" data-id=\"5df586b\" data-element_type=\"widget\" data-widget_type=\"text-editor.default\">\n\t\t\t\t<div class=\"elementor-widget-container\">\n\t\t\t\t\t\t\t\t\t<p>Folgen Sie uns auf Social Media und vernetzen Sie sich direkt mit uns.<\/p>\t\t\t\t\t\t\t\t<\/div>\n\t\t\t\t<\/div>\n\t\t\t\t\t<\/div>\n\t\t<\/div>\n\t\t\t\t<div class=\"elementor-column elementor-col-50 elementor-inner-column elementor-element elementor-element-9f277c3\" data-id=\"9f277c3\" data-element_type=\"column\">\n\t\t\t<div class=\"elementor-widget-wrap elementor-element-populated\">\n\t\t\t\t\t\t<div class=\"elementor-element elementor-element-5db8d3f elementor-shape-circle elementor-grid-0 e-grid-align-center elementor-widget elementor-widget-social-icons\" data-id=\"5db8d3f\" data-element_type=\"widget\" data-widget_type=\"social-icons.default\">\n\t\t\t\t<div class=\"elementor-widget-container\">\n\t\t\t\t\t\t\t<div class=\"elementor-social-icons-wrapper elementor-grid\" role=\"list\">\n\t\t\t\t\t\t\t<span class=\"elementor-grid-item\" role=\"listitem\">\n\t\t\t\t\t<a class=\"elementor-icon elementor-social-icon elementor-social-icon-xing elementor-repeater-item-49d5bcb\" href=\"https:\/\/www.xing.com\/pages\/itellencegmbh\" target=\"_blank\">\n\t\t\t\t\t\t<span class=\"elementor-screen-only\">Xing<\/span>\n\t\t\t\t\t\t<i aria-hidden=\"true\" class=\"fab fa-xing\"><\/i>\t\t\t\t\t<\/a>\n\t\t\t\t<\/span>\n\t\t\t\t\t\t\t<span class=\"elementor-grid-item\" role=\"listitem\">\n\t\t\t\t\t<a class=\"elementor-icon elementor-social-icon elementor-social-icon-linkedin elementor-repeater-item-82fd759\" href=\"https:\/\/www.linkedin.com\/company\/itellence\/\" target=\"_blank\">\n\t\t\t\t\t\t<span class=\"elementor-screen-only\">Linkedin<\/span>\n\t\t\t\t\t\t<i aria-hidden=\"true\" class=\"fab fa-linkedin\"><\/i>\t\t\t\t\t<\/a>\n\t\t\t\t<\/span>\n\t\t\t\t\t<\/div>\n\t\t\t\t\t\t<\/div>\n\t\t\t\t<\/div>\n\t\t\t\t\t<\/div>\n\t\t<\/div>\n\t\t\t\t\t<\/div>\n\t\t<\/section>\n\t\t\t\t<div class=\"elementor-element elementor-element-1e178c7 elementor-widget elementor-widget-spacer\" data-id=\"1e178c7\" data-element_type=\"widget\" data-widget_type=\"spacer.default\">\n\t\t\t\t<div class=\"elementor-widget-container\">\n\t\t\t\t\t\t\t<div class=\"elementor-spacer\">\n\t\t\t<div class=\"elementor-spacer-inner\"><\/div>\n\t\t<\/div>\n\t\t\t\t\t\t<\/div>\n\t\t\t\t<\/div>\n\t\t\t\t<section class=\"elementor-section elementor-inner-section elementor-element elementor-element-06ef89a elementor-section-boxed elementor-section-height-default elementor-section-height-default\" data-id=\"06ef89a\" data-element_type=\"section\">\n\t\t\t\t\t\t<div class=\"elementor-container elementor-column-gap-default\">\n\t\t\t\t\t<div class=\"elementor-column elementor-col-100 elementor-inner-column elementor-element elementor-element-d991a09\" data-id=\"d991a09\" data-element_type=\"column\">\n\t\t\t<div class=\"elementor-widget-wrap elementor-element-populated\">\n\t\t\t\t\t\t<div class=\"elementor-element elementor-element-30d094c elementor-widget elementor-widget-heading\" data-id=\"30d094c\" data-element_type=\"widget\" data-widget_type=\"heading.default\">\n\t\t\t\t<div class=\"elementor-widget-container\">\n\t\t\t\t\t<h2 class=\"elementor-heading-title elementor-size-default\">Wir sind f\u00fcr Sie da!<\/h2>\t\t\t\t<\/div>\n\t\t\t\t<\/div>\n\t\t\t\t<div class=\"elementor-element elementor-element-3c97537 elementor-widget elementor-widget-google_maps\" data-id=\"3c97537\" data-element_type=\"widget\" data-widget_type=\"google_maps.default\">\n\t\t\t\t<div class=\"elementor-widget-container\">\n\t\t\t\t\t\t\t<div class=\"elementor-custom-embed\">\n\t\t\t<iframe loading=\"lazy\"\n\t\t\t\t\tsrc=\"https:\/\/maps.google.com\/maps?q=M%C3%BChlgasse%2016%2F3%2078549%20Spaichingen%2C%20Deutschland&#038;t=m&#038;z=10&#038;output=embed&#038;iwloc=near\"\n\t\t\t\t\ttitle=\"M\u00fchlgasse 16\/3 78549 Spaichingen, Deutschland\"\n\t\t\t\t\taria-label=\"M\u00fchlgasse 16\/3 78549 Spaichingen, Deutschland\"\n\t\t\t><\/iframe>\n\t\t<\/div>\n\t\t\t\t\t\t<\/div>\n\t\t\t\t<\/div>\n\t\t\t\t\t<\/div>\n\t\t<\/div>\n\t\t\t\t\t<\/div>\n\t\t<\/section>\n\t\t\t\t<div class=\"elementor-element elementor-element-7d06a2d elementor-widget elementor-widget-spacer\" data-id=\"7d06a2d\" data-element_type=\"widget\" data-widget_type=\"spacer.default\">\n\t\t\t\t<div class=\"elementor-widget-container\">\n\t\t\t\t\t\t\t<div class=\"elementor-spacer\">\n\t\t\t<div class=\"elementor-spacer-inner\"><\/div>\n\t\t<\/div>\n\t\t\t\t\t\t<\/div>\n\t\t\t\t<\/div>\n\t\t\t\t\t<\/div>\n\t\t<\/div>\n\t\t\t\t\t<\/div>\n\t\t<\/section>\n\t\t\t\t<\/div>\n\t\t","protected":false},"excerpt":{"rendered":"<p>Let&#8217;s talk! Kontaktieren Sie uns unverbindlich und erz\u00e4hlen Sie uns von Ihrem Vorhaben. Wir stehen Ihnen gerne telefonisch oder per Mail zur Verf\u00fcgung. Gerne vereinbaren wir auch einen Termin f\u00fcr ein virtuelles oder pers\u00f6nliches Treffen. Telefon: +49 74 24 \/ 96 0 69 &#8211; 50 M\u00fchlgasse 16\/3, 78549 Spaichingen E-Mail: info@itellence.com Folgen Sie uns auf &hellip;<\/p>\n<p class=\"read-more\"> <a class=\"\" href=\"https:\/\/www.itellence.com\/?page_id=274\"> <span class=\"screen-reader-text\">Kontakt<\/span> Weiterlesen &raquo;<\/a><\/p>\n","protected":false},"author":1,"featured_media":0,"parent":0,"menu_order":0,"comment_status":"closed","ping_status":"closed","template":"","meta":{"site-sidebar-layout":"no-sidebar","site-content-layout":"page-builder","ast-site-content-layout":"","site-content-style":"default","site-sidebar-style":"default","ast-global-header-display":"","ast-banner-title-visibility":"","ast-main-header-display":"","ast-hfb-above-header-display":"","ast-hfb-below-header-display":"","ast-hfb-mobile-header-display":"","site-post-title":"disabled","ast-breadcrumbs-content":"","ast-featured-img":"disabled","footer-sml-layout":"","theme-transparent-header-meta":"","adv-header-id-meta":"","stick-header-meta":"","header-above-stick-meta":"","header-main-stick-meta":"","header-below-stick-meta":"","astra-migrate-meta-layouts":"","footnotes":""},"class_list":["post-274","page","type-page","status-publish","hentry"],"yoast_head":"<!-- This site is optimized with the Yoast SEO plugin v24.9 - https:\/\/yoast.com\/wordpress\/plugins\/seo\/ -->\n<title>Kontakt - ITellence GmbH<\/title>\n<meta name=\"robots\" content=\"index, follow, max-snippet:-1, max-image-preview:large, max-video-preview:-1\" \/>\n<link rel=\"canonical\" href=\"https:\/\/www.itellence.com\/?page_id=274\" \/>\n<meta property=\"og:locale\" content=\"de_DE\" \/>\n<meta property=\"og:type\" content=\"article\" \/>\n<meta property=\"og:title\" content=\"Kontakt - ITellence GmbH\" \/>\n<meta property=\"og:description\" content=\"Let&#8217;s talk! Kontaktieren Sie uns unverbindlich und erz\u00e4hlen Sie uns von Ihrem Vorhaben. Wir stehen Ihnen gerne telefonisch oder per Mail zur Verf\u00fcgung. Gerne vereinbaren wir auch einen Termin f\u00fcr ein virtuelles oder pers\u00f6nliches Treffen. Telefon: +49 74 24 \/ 96 0 69 &#8211; 50 M\u00fchlgasse 16\/3, 78549 Spaichingen E-Mail: info@itellence.com Folgen Sie uns auf &hellip; Kontakt Weiterlesen &raquo;\" \/>\n<meta property=\"og:url\" content=\"https:\/\/www.itellence.com\/?page_id=274\" \/>\n<meta property=\"og:site_name\" content=\"ITellence GmbH\" \/>\n<meta property=\"article:modified_time\" content=\"2025-11-03T11:10:11+00:00\" \/>\n<meta name=\"twitter:card\" content=\"summary_large_image\" \/>\n<meta name=\"twitter:label1\" content=\"Gesch\u00e4tzte Lesezeit\" \/>\n\t<meta name=\"twitter:data1\" content=\"1\u00a0Minute\" \/>\n<script type=\"application\/ld+json\" class=\"yoast-schema-graph\">{\"@context\":\"https:\/\/schema.org\",\"@graph\":[{\"@type\":\"WebPage\",\"@id\":\"https:\/\/www.itellence.com\/?page_id=274\",\"url\":\"https:\/\/www.itellence.com\/?page_id=274\",\"name\":\"Kontakt - ITellence GmbH\",\"isPartOf\":{\"@id\":\"https:\/\/www.itellence.com\/#website\"},\"datePublished\":\"2023-06-22T12:14:41+00:00\",\"dateModified\":\"2025-11-03T11:10:11+00:00\",\"breadcrumb\":{\"@id\":\"https:\/\/www.itellence.com\/?page_id=274#breadcrumb\"},\"inLanguage\":\"de\",\"potentialAction\":[{\"@type\":\"ReadAction\",\"target\":[\"https:\/\/www.itellence.com\/?page_id=274\"]}]},{\"@type\":\"BreadcrumbList\",\"@id\":\"https:\/\/www.itellence.com\/?page_id=274#breadcrumb\",\"itemListElement\":[{\"@type\":\"ListItem\",\"position\":1,\"name\":\"Startseite\",\"item\":\"https:\/\/www.itellence.com\/\"},{\"@type\":\"ListItem\",\"position\":2,\"name\":\"Kontakt\"}]},{\"@type\":\"WebSite\",\"@id\":\"https:\/\/www.itellence.com\/#website\",\"url\":\"https:\/\/www.itellence.com\/\",\"name\":\"ITellence GmbH\",\"description\":\"\",\"publisher\":{\"@id\":\"https:\/\/www.itellence.com\/#organization\"},\"potentialAction\":[{\"@type\":\"SearchAction\",\"target\":{\"@type\":\"EntryPoint\",\"urlTemplate\":\"https:\/\/www.itellence.com\/?s={search_term_string}\"},\"query-input\":{\"@type\":\"PropertyValueSpecification\",\"valueRequired\":true,\"valueName\":\"search_term_string\"}}],\"inLanguage\":\"de\"},{\"@type\":\"Organization\",\"@id\":\"https:\/\/www.itellence.com\/#organization\",\"name\":\"ITellence GmbH\",\"url\":\"https:\/\/www.itellence.com\/\",\"logo\":{\"@type\":\"ImageObject\",\"inLanguage\":\"de\",\"@id\":\"https:\/\/www.itellence.com\/#\/schema\/logo\/image\/\",\"url\":\"https:\/\/www.itellence.com\/wp-content\/uploads\/2023\/06\/cropped-cropped-Logo-2019_transparent-2.png\",\"contentUrl\":\"https:\/\/www.itellence.com\/wp-content\/uploads\/2023\/06\/cropped-cropped-Logo-2019_transparent-2.png\",\"width\":2297,\"height\":2157,\"caption\":\"ITellence GmbH\"},\"image\":{\"@id\":\"https:\/\/www.itellence.com\/#\/schema\/logo\/image\/\"}}]}<\/script>\n<!-- \/ Yoast SEO plugin. -->","yoast_head_json":{"title":"Kontakt - ITellence GmbH","robots":{"index":"index","follow":"follow","max-snippet":"max-snippet:-1","max-image-preview":"max-image-preview:large","max-video-preview":"max-video-preview:-1"},"canonical":"https:\/\/www.itellence.com\/?page_id=274","og_locale":"de_DE","og_type":"article","og_title":"Kontakt - ITellence GmbH","og_description":"Let&#8217;s talk! Kontaktieren Sie uns unverbindlich und erz\u00e4hlen Sie uns von Ihrem Vorhaben. Wir stehen Ihnen gerne telefonisch oder per Mail zur Verf\u00fcgung. Gerne vereinbaren wir auch einen Termin f\u00fcr ein virtuelles oder pers\u00f6nliches Treffen. Telefon: +49 74 24 \/ 96 0 69 &#8211; 50 M\u00fchlgasse 16\/3, 78549 Spaichingen E-Mail: info@itellence.com Folgen Sie uns auf &hellip; Kontakt Weiterlesen &raquo;","og_url":"https:\/\/www.itellence.com\/?page_id=274","og_site_name":"ITellence GmbH","article_modified_time":"2025-11-03T11:10:11+00:00","twitter_card":"summary_large_image","twitter_misc":{"Gesch\u00e4tzte Lesezeit":"1\u00a0Minute"},"schema":{"@context":"https:\/\/schema.org","@graph":[{"@type":"WebPage","@id":"https:\/\/www.itellence.com\/?page_id=274","url":"https:\/\/www.itellence.com\/?page_id=274","name":"Kontakt - ITellence GmbH","isPartOf":{"@id":"https:\/\/www.itellence.com\/#website"},"datePublished":"2023-06-22T12:14:41+00:00","dateModified":"2025-11-03T11:10:11+00:00","breadcrumb":{"@id":"https:\/\/www.itellence.com\/?page_id=274#breadcrumb"},"inLanguage":"de","potentialAction":[{"@type":"ReadAction","target":["https:\/\/www.itellence.com\/?page_id=274"]}]},{"@type":"BreadcrumbList","@id":"https:\/\/www.itellence.com\/?page_id=274#breadcrumb","itemListElement":[{"@type":"ListItem","position":1,"name":"Startseite","item":"https:\/\/www.itellence.com\/"},{"@type":"ListItem","position":2,"name":"Kontakt"}]},{"@type":"WebSite","@id":"https:\/\/www.itellence.com\/#website","url":"https:\/\/www.itellence.com\/","name":"ITellence GmbH","description":"","publisher":{"@id":"https:\/\/www.itellence.com\/#organization"},"potentialAction":[{"@type":"SearchAction","target":{"@type":"EntryPoint","urlTemplate":"https:\/\/www.itellence.com\/?s={search_term_string}"},"query-input":{"@type":"PropertyValueSpecification","valueRequired":true,"valueName":"search_term_string"}}],"inLanguage":"de"},{"@type":"Organization","@id":"https:\/\/www.itellence.com\/#organization","name":"ITellence GmbH","url":"https:\/\/www.itellence.com\/","logo":{"@type":"ImageObject","inLanguage":"de","@id":"https:\/\/www.itellence.com\/#\/schema\/logo\/image\/","url":"https:\/\/www.itellence.com\/wp-content\/uploads\/2023\/06\/cropped-cropped-Logo-2019_transparent-2.png","contentUrl":"https:\/\/www.itellence.com\/wp-content\/uploads\/2023\/06\/cropped-cropped-Logo-2019_transparent-2.png","width":2297,"height":2157,"caption":"ITellence GmbH"},"image":{"@id":"https:\/\/www.itellence.com\/#\/schema\/logo\/image\/"}}]}},"_links":{"self":[{"href":"https:\/\/www.itellence.com\/index.php?rest_route=\/wp\/v2\/pages\/274","targetHints":{"allow":["GET"]}}],"collection":[{"href":"https:\/\/www.itellence.com\/index.php?rest_route=\/wp\/v2\/pages"}],"about":[{"href":"https:\/\/www.itellence.com\/index.php?rest_route=\/wp\/v2\/types\/page"}],"author":[{"embeddable":true,"href":"https:\/\/www.itellence.com\/index.php?rest_route=\/wp\/v2\/users\/1"}],"replies":[{"embeddable":true,"href":"https:\/\/www.itellence.com\/index.php?rest_route=%2Fwp%2Fv2%2Fcomments&post=274"}],"version-history":[{"count":23,"href":"https:\/\/www.itellence.com\/index.php?rest_route=\/wp\/v2\/pages\/274\/revisions"}],"predecessor-version":[{"id":643,"href":"https:\/\/www.itellence.com\/index.php?rest_route=\/wp\/v2\/pages\/274\/revisions\/643"}],"wp:attachment":[{"href":"https:\/\/www.itellence.com\/index.php?rest_route=%2Fwp%2Fv2%2Fmedia&parent=274"}],"curies":[{"name":"wp","href":"https:\/\/api.w.org\/{rel}","templated":true}]}}